**2 + 4*q + 7. Determine k(6).
-5
Let i(b) = b**3 - 12*b**2 + 7*b - 34. Calculate i(11).
-78
Let u(f) = 16*f - 5. What is u(3)?
43
Let z(k) = 4*k - 33. Calculate z(6).
-9
Let g(y) = -2*y**2 - 16*y - 11. Calculate g(-8).
-11
Let i(n) = -4*n - 65. What is i(-15)?
-5
Let g(a) = 10*a - 14. Give g(4).
26
Let p(u) = -u**3 - 8*u**2 - 12*u - 9. Determine p(-6).
-9
Let c(d) = -3*d**2 - 15*d + 9. Give c(-7).
-33
Let a(d) = d. Determine a(-7).
-7
Let c(j) = 3*j**2 - 29*j - 32. What is c(15)?
208
Let n(i) = 3*i**2 - 14*i + 42. Give n(5).
47
Let v(x) = x**2 + 6*x - 14. What is v(-6)?
-14
Let y(b) = b**3 + 7*b**2 + 7*b + 13. Calculate y(-6).
7
Let p(o) = -o**3 + 2*o**2 + o. Determine p(2).
2
Let g(f) = -f**2 - 47*f - 41. Give g(-46).
5
Let h(f) = -f**2 - 7*f + 10. Calculate h(-7).
10
Let f(h) = 8*h + 75. What is f(-9)?
3
Let z(i) = i**3 + 11*i**2 + i - 11. Calculate z(-11).
-22
Let a(d) = -34*d + 1. Determine a(0).
1
Let b(d) = d - 12. What is b(-13)?
-25
Let h(z) = -z**3 + z**2 + 4*z + 1. Calculate h(-3).
25
Let z(y) = -y**3 + 17*y**2 - 3*y + 22. What is z(17)?
-29
Let b(t) = 2*t**2 - 11*t - 7. Calculate b(6).
-1
Let w(p) = p**3 - 2*p**2 - 4. Determine w(3).
5
Let i(y) = -y**3 + 9*y**2 + y - 5. What is i(9)?
4
Let o(r) = r - 10. What is o(0)?
-10
Let r(k) = 23*k - 1. Calculate r(3).
68
Let x(m) = 6*m - 3. What is x(3)?
15
Let m(n) = -n**3 - 19*n**2 + 20*n + 2. What is m(-20)?
2
Let o(q) = -2*q**3 + 21*q**2 + 12*q - 9. Calculate o(11).
2
Let o(r) = -5*r - 140. Calculate o(-31).
15
Let o(i) = 3*i - 62. Give o(20).
-2
Let p(x) = -2*x**2 + 33*x - 4. What is p(18)?
-58
Let m(w) = 2*w + 11. Calculate m(-9).
-7
Let q(m) = 8*m - 46. Give q(9).
26
Let w(c) = 2*c + 21. What is w(-9)?
3
Let o(w) = 2*w + 35. Calculate o(-23).
-11
Let m(f) = -2*f**2 - 13*f - 9. Determine m(-6).
-3
Let l(m) = m**2 - 12*m + 14. Determine l(8).
-18
Let c(q) = -10*q + 4. Calculate c(1).
-6
Let p(j) = -j - 2. Calculate p(-14).
12
Let z(a) = 6*a + 132. Give z(-24).
-12
Let i(x) = x**3 - 7*x**2 - 8*x - 11. Determine i(8).
-11
Let p(j) = -2*j**3 - 38*j**2 + 40*j - 23. Give p(-20).
-23
Let z(s) = s**3 - 4*s**2 - 7*s - 19. What is z(6)?
11
Let q(i) = 33*i + 3. Give q(-1).
-30
Let d(m) = -7*m**3 - 2*m**2 - 2*m. Give d(-2).
52
Let s(m) = -2*m - 51. What is s(-21)?
-9
Let s(n) = 2*n + 35. Determine s(-12).
11
Let v(g) = -56*g + 6. Determine v(3).
-162
Let g(s) = -3*s + 23. Give g(11).
-10
Let k(b) = -2*b**2 + 15*b - 8. What is k(8)?
-16
Let b(i) = -i - 6. What is b(-5)?
-1
Let a(i) = i**2 - 9*i - 1. What is a(-6)?
89
Let s(x) = x - 56. Calculate s(17).
-39
Let i(t) = -3*t + 73. Determine i(27).
-8
Let q(c) = c**3 - 12*c**2 + 11*c - 10. Calculate q(11).
-10
Let a(r) = r**2 - 18*r + 22. Determine a(18).
22
Let q(s) = s**2 + 100*s + 643. What is q(-7)?
-8
Let x(w) = w**2 + 12*w - 2. Calculate x(-12).
-2
Let q(r) = -r**3 - 6*r**2 - 6*r - 7. Give q(-6).
29
Let j(g) = g**3 - 7*g**2 + 3*g + 14. Give j(7).
35
Let u(w) = w**2 - 16*w + 4. Give u(18).
40
Let z(x) = -4*x**2 + 53*x. Calculate z(13).
13
Let c(m) = 2*m - 22. Give c(12).
2
Let s(z) = 49*z - 93. Give s(2).
5
Let m(i) = i**3 - 8*i**2 - i + 7. Give m(8).
-1
Let x(g) = -g**2 + 11*g + 2. Calculate x(11).
2
Let d(t) = -4*t + 35. Determine d(10).
-5
Let g(y) = -16*y**2 - 16*y + 17. What is g(1)?
-15
Let o(v) = 8*v + 1. Determine o(0).
1
Let m(c) = -2*c - 10. Calculate m(-6).
2
Let l(p) = 15*p - 5. Give l(-3).
-50
Let o(n) = -n**2 + 43*n - 287. Calculate o(35).
-7
Let j(p) = 5*p + 95. Give j(-19).
0
Let t(z) = 6*z - 134. Give t(25).
16
Let z(k) = -k**3 + 4*k**2 + 7*k - 19. What is z(5)?
-9
Let i(o) = -5*o**2 - 4. Determine i(-3).
-49
Let m(g) = -6*g - 2. What is m(-6)?
34
Let b(a) = -3*a - 8. Give b(8).
-32
Let x(f) = 6*f**2 + 28*f + 10. What is x(-3)?
-20
Let g(c) = 2*c**2 - 7*c + 9. What is g(3)?
6
Let r(i) = -2*i**2 - 8*i - 8. Give r(-7).
-50
Let r(g) = 11*g + 23. Calculate r(0).
23
Let s(k) = -k**2 + 15*k + 6. Give s(14).
20
Let d(n) = n**2 + 11*n + 1. Determine d(-10).
-9
Let x(o) = 3*o + 5. Determine x(3).
14
Let p(t) = -3*t. Calculate p(-1).
3
Let p(g) = 3*g**2 - 3*g + 2. Determine p(2).
8
Let u(j) = 8*j + 1. Calculate u(-1).
-7
Let d(p) = p**3 - 7*p**2 + 12*p - 7. Give d(5).
3
Let k(c) = -c**3 - 7*c**2 + 11*c + 18. Calculate k(-8).
-6
Let t(k) = 2*k + 1. Determine t(-6).
-11
Let f(z) = 2*z**2 + 114*z + 17. Calculate f(-57).
17
Let a(x) = -x**2 + 6*x - 8. Calculate a(3).
1
Let x(g) = g**3 + 15*g**2 + 26*g - 1. Give x(-13).
-1
Let q(i) = -i**3 - 9*i**2 + 3*i - 12. Determine q(-10).
58
Let i(h) = 12*h**2 + 266*h + 51. Calculate i(-22).
7
Let t(g) = 10*g - 2. Determine t(-5).
-52
Let l(y) = y**2 - 10*y + 17. Calculate l(6).
-7
Let u(n) = n**3 + 37*n**2 + 70*n - 29. Give u(-35).
-29
Let b(a) = -a**3 + 13*a**2 - 11*a - 36. What is b(12)?
-24
Let g(w) = 2*w**2 - 12*w + 2. What is g(0)?
2
Let w(u) = -u**3 - 6*u**2 + 4*u + 2. What is w(-7)?
23
Let w(y) = y**2 - 13*y + 18. What is w(13)?
18
Let c(m) = m**3 + 10*m**2 - 40*m - 16. Give c(-13).
-3
Let a(i) = -4*i**2 - 20*i + 2. Determine a(-5).
2
Let w(x) = -2*x**2 + 26*x - 33. Calculate w(11).
11
Let k(n) = -11*n**2 + 3. Calculate k(-2).
-41
Let r(q) = -q + 8. Determine r(10).
-2
Let m(p) = -p**2 - 13*p - 15. Give m(-11).
7
Let n(m) = -7*m - 28. Calculate n(0).
-28
Let x(v) = v**3 - 20*v**2 - 20*v - 25. What is x(21)?
-4
Let u(n) = 2*n + 5. Calculate u(9).
23
Let d(b) = -5*b + 34. Calculate d(7).
-1
Let u(h) = 2*h**3 + 4*h**2 - 7*h - 2. Calculate u(2).
16
Let t(y) = 3*y - 15. What is t(3)?
-6
Let x(d) = -d**3 + 3*d**2 + 33*d + 12. Give x(-6).
138
Let r(n) = 4*n**2 + 5*n - 4. Give r(3).
47
Let s(j) = 2*j - 12. Calculate s(-23).
-58
Let p(x) = -x**3 - 4*x**2 - 6*x - 5. Calculate p(-3).
4
Let u(o) = o - 4. Determine u(-6).
-10
Let u(o) = -o**3 + 18*o**2 - 17*o + 17. What is u(17)?
17
Let h(t) = 4*t**2 + t - 21. Give h(-5).
74
Let f(p) = -11*p**2 + p - 2. Give f(1).
-12
Let z(x) = 9*x - 6. Calculate z(2).
12
Let b(l) = l**3 + 3*l**2 - 8*l - 3. Calculate b(-5).
-13
Let j(n) = n**2 - 38*n + 21. Calculate j(7).
-196
Let b(i) = 4*i + 2. What is b(-3)?
-10
Let t(c) = c**3 + 7*c**2 - 81*c - 14. Give t(-13).
25
Let g(a) = -a**3 + 4*a**2 + 2*a - 7. Determine g(3).
8
Let q(g) = -28*g - 85. Determine q(-3).
-1
Let a(i) = i**2 - 6*i - 3. What is a(9)?
24
Let w(g) = g**3 + 9*g**2 - 4*g + 6. Calculate w(-9).
42
Let k(g) = -2*g - 18. Calculate k(6).
-30
Let r(f) = 13*f - 70. Determine r(6).
8
Let j(t) = t**2 - 33*t - 56. What is j(0)?
-56
Let u(m) = -2*m**3 + 4*m**2 + 6*m + 16. What is u(4)?
-24
Let z(v) = -v**3 + v**2 + 3*v + 3. Determine z(-2).
9
Let i(j) = 2*j - 26. What is i(9)?
-8
Let h(j) = -j**2 - 27*j - 86. Calculate h(-4).
6
Let z(j) = j**3 - 10*j**2 + 16*j - 3. Give z(8).
-3
Let x(f) = 7*f - 113. What is x(15)?
-8
Let q(a) = 3*a + 29. Give q(-14).
-13
Let u(h) = 6*h**2 - 25*h. Determine u(5).
25
Let d(o) = 11*o - 199. Determine d(19).
10
Let z(q) = -q**3 + 2*q + 8. Determine z(-4).
64
Let k(g) = -2*g**2 + g - 1. Calculate k(2).
-7
Let c(h) = -10*h**2 + 9*h + 3. Calculate c(3).
-60
Let p(m) = m**3 + 14*m**2 - 16*m - 12. What is p(-15)?
3
Let a(w) = -6*w**2 - w + 1. What is a(1)?
-6
Let w(j) = -5*j + 16. What is w(4)?
-4
Let d(t) = -4*t + 86. Determine d(27).
-22
Let f(v) = v**3 + 31*v**2 + 27*v - 85. What is f(-30)?
5
Let d(c) = -5*c + 1. Determine d(3).
-14
Let f(t) = t**2 - 21*t + 10. Calculate f(20).
-10
Let z(w) = 75*w + 371. Give z(-5).
-4
Let f(k) = k**3 + 4*k**2 + 6*k + 2. Give f(-4).
-22
Let f(a) = -5*a**2 - a - 19. Give f(-3).
-61
Let p(s) = 18*s + 186. Determine p(-10).
6
Let v(o) = o**3 + 3*o**2 - 3*o + 3. Determine v(-4).
-1
Let n(i) = -41*i - 5. Determine n(3).
-128
Let l(w) = -4*w**3 + 9*w**2 - 14*w - 4. Give l(3).
-73
Let s(z) = -z**2 - 3. Calculate s(4).
-19
Let u(m) = -21*m**3 - m**2 + 5*m - 2. Calculate u(1).
-19
Let y(s) = s**3 - 6*s**2 - 5*s - 6. What is y(7)?
8
Let g(y) = -y**3 + 4*y**2 + 7*y - 4. What is g(5)?
6
Let t(b) = -45*b - 660. What is t(-15)?
15
Let f(j) = j**2 - 5*j - 9. What is f(10)?
41
Let s(v) = -v**3 + 10*v**2 - 8*v - 11. What is s(9)?
-2
Let x(h) = h**3 - 17*h**2 + 72*h + 5. What is x(8)?
5
Let p(a) = 4*a**2 - 2*a + 2. Determine p(1).
4
Let g(v) = -5*v**3 + 2*v**2 - v - 3. What is g(-1)?
5
Let j(c) = 25*c + 15. Give j(5).
140
Let w(c) = -8*c**3 - 2*c**2 + c + 1. Calculate w(-